{"id":433,"date":"2021-03-27T18:45:34","date_gmt":"2021-03-27T17:45:34","guid":{"rendered":"https:\/\/latitmousse.fr\/?post_type=product&#038;p=433"},"modified":"2024-09-18T10:09:29","modified_gmt":"2024-09-18T08:09:29","slug":"la-printaniere-50cl","status":"publish","type":"product","link":"https:\/\/latitmousse.fr\/?product=la-printaniere-50cl","title":{"rendered":"LA PRINTANI\u00c8RE 50CL"},"content":{"rendered":"","protected":false},"excerpt":{"rendered":"<p>Bi\u00e8re de saison par la Tit&rsquo; Mousse<\/p>\n<p>Bi\u00e8re ambr\u00e9e l\u00e9g\u00e8re en bouche. Faible teneur en alcool et l\u00e9g\u00e8re amertume fleurie.<\/p>\n<p>5% vol. Alc. 25 IBU 17 EBC<\/p>\n","protected":false},"featured_media":432,"comment_status":"open","ping_status":"closed","template":"","meta":[],"product_brand":[],"product_cat":[35],"product_tag":[],"class_list":{"0":"post-433","1":"product","2":"type-product","3":"status-publish","4":"has-post-thumbnail","6":"product_cat-les-bieres-en-50cl","8":"first","9":"outofstock","10":"taxable","11":"shipping-taxable","12":"purchasable","13":"product-type-simple"},"_links":{"self":[{"href":"https:\/\/latitmousse.fr\/index.php?rest_route=\/wp\/v2\/product\/433"}],"collection":[{"href":"https:\/\/latitmousse.fr\/index.php?rest_route=\/wp\/v2\/product"}],"about":[{"href":"https:\/\/latitmousse.fr\/index.php?rest_route=\/wp\/v2\/types\/product"}],"replies":[{"embeddable":true,"href":"https:\/\/latitmousse.fr\/index.php?rest_route=%2Fwp%2Fv2%2Fcomments&post=433"}],"wp:featuredmedia":[{"embeddable":true,"href":"https:\/\/latitmousse.fr\/index.php?rest_route=\/wp\/v2\/media\/432"}],"wp:attachment":[{"href":"https:\/\/latitmousse.fr\/index.php?rest_route=%2Fwp%2Fv2%2Fmedia&parent=433"}],"wp:term":[{"taxonomy":"product_brand","embeddable":true,"href":"https:\/\/latitmousse.fr\/index.php?rest_route=%2Fwp%2Fv2%2Fproduct_brand&post=433"},{"taxonomy":"product_cat","embeddable":true,"href":"https:\/\/latitmousse.fr\/index.php?rest_route=%2Fwp%2Fv2%2Fproduct_cat&post=433"},{"taxonomy":"product_tag","embeddable":true,"href":"https:\/\/latitmousse.fr\/index.php?rest_route=%2Fwp%2Fv2%2Fproduct_tag&post=433"}],"curies":[{"name":"wp","href":"https:\/\/api.w.org\/{rel}","templated":true}]}}