{"id":21,"date":"2020-11-08T11:15:12","date_gmt":"2020-11-08T10:15:12","guid":{"rendered":"http:\/\/latitmousse.fr\/?page_id=21"},"modified":"2024-09-23T09:59:00","modified_gmt":"2024-09-23T07:59:00","slug":"mesmerize","status":"publish","type":"page","link":"https:\/\/latitmousse.fr\/","title":{"rendered":"Front Page"},"content":{"rendered":"\t\t<div data-elementor-type=\"wp-page\" data-elementor-id=\"21\" class=\"elementor elementor-21\">\n\t\t\t\t\t\t<section class=\"elementor-section elementor-top-section elementor-element elementor-element-23925673 elementor-section-boxed elementor-section-height-default elementor-section-height-default\" data-id=\"23925673\" data-element_type=\"section\" data-e-type=\"section\">\n\t\t\t\t\t\t<div class=\"elementor-container elementor-column-gap-default\">\n\t\t\t\t\t<div class=\"elementor-column elementor-col-100 elementor-top-column elementor-element elementor-element-1ba903a0\" data-id=\"1ba903a0\" data-element_type=\"column\" data-e-type=\"column\">\n\t\t\t<div class=\"elementor-widget-wrap elementor-element-populated\">\n\t\t\t\t\t\t<div class=\"elementor-element elementor-element-707de1a9 elementor-widget elementor-widget-text-editor\" data-id=\"707de1a9\" data-element_type=\"widget\" data-e-type=\"widget\" data-widget_type=\"text-editor.default\">\n\t\t\t\t<div class=\"elementor-widget-container\">\n\t\t\t\t\t\t\t\t\t<div id=\"a-propos-de-nous\" class=\"about-4 content-section content-section-spacing\" style=\"background-color: #ffffff; background-image: none;\" data-label=\"A propos de nous\" data-id=\"about--1\" data-export-id=\"about-4\" data-category=\"about\" data-bullets-visibility=\"true\"><div class=\"gridContainer\"><div class=\"row middle-sm text-center\"><div class=\"col-sm-5 space-bottom-xs\" data-type=\"column\"><h2 class=\"\">LA TIT\u2019MOUSSE<\/h2><h5 class=\"\">Brasserie P\u00e9lussinoise en Mont Pilat<\/h5><p class=\"\" style=\"text-align: center;\">J\u2019ai fond\u00e9 la Brasserie La Tit\u2019Mousse que j\u2019ai implant\u00e9e en 2019<\/p><p class=\"\" style=\"text-align: center;\">\u00e0 P\u00e9lussin, mon village, en Mont Pilat.<\/p><p class=\"\" style=\"text-align: center;\">Je vous propose une large gamme de bi\u00e8res, avec mes traditionnelles Blanches, Blondes, Ambr\u00e9es et Brunes, mais aussi une blonde plus typ\u00e9e, l\u2019Abbaye.<\/p><p class=\"\" style=\"text-align: center;\">Mes bi\u00e8res ont chacune leur caract\u00e8re, mais aussi une marque commune, un \u00e9quilibre g\u00e9n\u00e9ral de la recette afin de faire ressortir le meilleur des ingr\u00e9dients utilis\u00e9s.<\/p><p class=\"\" style=\"text-align: center;\">Je propose \u00e9galement des bi\u00e8res saisonni\u00e8res et des recettes \u00e9ph\u00e9m\u00e8res.<\/p><p class=\"\" style=\"text-align: center;\">Mes bi\u00e8res sont disponibles en bouteilles sous 3 formats : 33, 50 et 75 cl.<\/p><p class=\"\" style=\"text-align: center;\">Tous les d\u00e9tails dans la boutique.<\/p><p><img decoding=\"async\" class=\"custom-image\" title=\"cropped-199941655_827501044549504_23175087108037098_n.jpg\" src=\"https:\/\/latitmousse.fr\/wp-content\/uploads\/2023\/05\/cropped-199941655_827501044549504_23175087108037098_n.jpg\" alt=\"\" \/><\/p><p class=\"\" style=\"text-align: center;\">Un \u00e9v\u00e8nement, une envie de fra\u00eecheur, je vous propose mes f\u00fbts de 20l de bi\u00e8re ! Pour leur utilisation, je vous pr\u00eate la tireuse autonome! De la pression et du frais avec une simple prise de courant.<\/p><p class=\"\" style=\"text-align: center;\">Envie d\u2019une activit\u00e9 originale pour le week-end ou les vacances ?<\/p><p class=\"\" style=\"text-align: center;\">Venez visiter la brasserie et d\u00e9guster mes bi\u00e8res !<\/p><p class=\"\" style=\"text-align: center;\">Cela vous int\u00e9resse ? Contactez-moi pour plus d\u2019informations.<\/p><p class=\"\" style=\"text-align: center;\">Gr\u00e9gory, votre brasseur<\/p><\/div><div class=\"col-sm-7 flexbox center-xs middle-xs image-group-2-img\"><a class=\"img-1-anchor\" href=\"#\" data-cp-link=\"1\"><img decoding=\"async\" class=\"img-1 shadow-large\" title=\"cropped-IMG_1329-copie-scaled-1.jpg\" src=\"https:\/\/latitmousse.fr\/wp-content\/uploads\/2020\/11\/cropped-IMG_1329-copie-scaled-1.jpg\" alt=\"\" data-size=\"250x200\" \/><\/a> <a class=\"img-2-anchor\" href=\"#\" data-cp-link=\"1\"><img decoding=\"async\" class=\"img-2 shadow-large\" title=\"cropped-IMG_1456-copie-scaled-1.jpg\" src=\"https:\/\/latitmousse.fr\/wp-content\/uploads\/2020\/11\/cropped-IMG_1456-copie-scaled-1.jpg\" alt=\"\" data-size=\"220x170\" \/><\/a><\/div><\/div><\/div><\/div><div id=\"cta\" class=\"cta-blue-section-mc content-section content-section-spacing le_cocktail white-text\" style=\"background-color: #f5fafd; background-size: cover; background-position: center top; background-image: url('https:\/\/latitmousse.fr\/wp-content\/uploads\/2020\/11\/Sans-titre-4-scaled.jpg');\" data-label=\"Cta\" data-id=\"cta--1\" data-export-id=\"cta-blue-section-mc\" data-category=\"cta\"><div class=\"gridContainer\"><div class=\"row middle-xs\"><div class=\"col-sm-8 space-bottom-xs\" data-type=\"column\">\u00a0<\/div><div class=\"col-sm-4 end-sm\" data-type=\"column\">\u00a0<\/div><\/div><\/div><\/div><div id=\"commande\" class=\"content-2 content-section content-section-spacing\" style=\"background-color: #ffffff; background-image: none;\" data-label=\"Commande\" data-id=\"content--2\" data-export-id=\"content-2\" data-category=\"content\" data-bullets-visibility=\"true\"><div><div class=\"row middle-xs\"><div class=\"col-sm-5 bg-image shadow-large-black\" style=\"background-image: url('https:\/\/latitmousse.fr\/wp-content\/uploads\/2020\/11\/cropped-IMG_1422-copie-scaled-1.jpg');\" data-bg=\"image\">\u00a0<\/div><div class=\"col-sm-7 full-col-left-padding full-col-right-padding\"><div class=\"row\"><div class=\"space-bottom-small content-title-col content-center-sm\" data-type=\"column\"><h2><img fetchpriority=\"high\" decoding=\"async\" class=\"alignnone size-full wp-image-680\" src=\"https:\/\/latitmousse.fr\/wp-content\/uploads\/2023\/05\/LABUS-DALCOOL-EST-DANGEREUX-POUR-LA-SANTE.-A-CONSOMMER-AVEC-MODERATION.-1024x819-1.png\" alt=\"\" width=\"1024\" height=\"819\" srcset=\"https:\/\/latitmousse.fr\/wp-content\/uploads\/2023\/05\/LABUS-DALCOOL-EST-DANGEREUX-POUR-LA-SANTE.-A-CONSOMMER-AVEC-MODERATION.-1024x819-1.png 1024w, https:\/\/latitmousse.fr\/wp-content\/uploads\/2023\/05\/LABUS-DALCOOL-EST-DANGEREUX-POUR-LA-SANTE.-A-CONSOMMER-AVEC-MODERATION.-1024x819-1-768x614.png 768w, https:\/\/latitmousse.fr\/wp-content\/uploads\/2023\/05\/LABUS-DALCOOL-EST-DANGEREUX-POUR-LA-SANTE.-A-CONSOMMER-AVEC-MODERATION.-1024x819-1-400x320.png 400w, https:\/\/latitmousse.fr\/wp-content\/uploads\/2023\/05\/LABUS-DALCOOL-EST-DANGEREUX-POUR-LA-SANTE.-A-CONSOMMER-AVEC-MODERATION.-1024x819-1-600x480.png 600w\" sizes=\"(max-width: 1024px) 100vw, 1024px\" \/><\/h2><h2 class=\"\">ENVIE DE D\u00c9COUVRIR NOS BI\u00c8RES ?<\/h2><\/div><\/div><div class=\"row spaced-cols center-sm content-center-sm\" data-type=\"row\"><div class=\"col-xs-6\" data-type=\"column\"><a class=\"button blue\" href=\"https:\/\/latitmousse.fr?post_type=product\" target=\"_self\" rel=\"noopener noreferrer\" data-cp-link=\"1\">C\u2019EST PAR ICI !!<\/a><\/div><div data-type=\"column\"><img decoding=\"async\" class=\"alignnone size-full wp-image-687\" src=\"https:\/\/latitmousse.fr\/wp-content\/uploads\/2023\/05\/soufflez-vous-saurez_imagelarge.jpg\" alt=\"\" width=\"350\" height=\"120\" \/><\/div><\/div><\/div><\/div><\/div><\/div><div id=\"contact-1\" class=\"contact-1-mc content-section content-section-spacing white-text\" style=\"background-color: #ffffff; background-image: url('https:\/\/latitmousse.fr\/wp-content\/uploads\/2020\/11\/Sans-titre-4-scaled.jpg'); background-size: cover; background-position: center top;\" data-label=\"Contact\" data-id=\"contact-1-mc\" data-export-id=\"contact-1-mc\" data-bullets-visibility=\"true\" data-category=\"contact\" data-parallax-depth=\"20\"><div class=\"gridContainer\"><div class=\"row text-center\"><div class=\"section-title-col\" data-type=\"column\"><h2 class=\"\">Contactez-nous !<\/h2><p class=\"lead\">Vous avez une question ou besoin de plus d\u2019information ?<\/p><p>Envoyer nous un petit message, et nous nous ferons un plaisir de vous r\u00e9pondre !<\/p><\/div><\/div><div class=\"row text-center\"><div class=\"col-xs-12 col-sm-8 col-sm-offset-2 contact-form-wrapper inline-info\"><div class=\"card large-padding\"><div class=\"\" data-content-shortcode=\"mesmerize_contact_form shortcode=&quot;wpforms id=&amp;amp;quot;246&amp;amp;quot; title=&amp;amp;quot;false&amp;amp;quot; description=&amp;amp;quot;false&amp;amp;quot;&quot;\" data-editable=\"true\"><div class=\"wpforms-container wpforms-container-full\" id=\"wpforms-246\"><form id=\"wpforms-form-246\" class=\"wpforms-validate wpforms-form\" data-formid=\"246\" method=\"post\" enctype=\"multipart\/form-data\" action=\"\/index.php?rest_route=%2Fwp%2Fv2%2Fpages%2F21\" data-token=\"99371b4f5d5428afb73165ec313355c7\" data-token-time=\"1777294724\"><noscript class=\"wpforms-error-noscript\">Veuillez activer JavaScript dans votre navigateur pour remplir ce formulaire.<\/noscript><div class=\"wpforms-field-container\"><div id=\"wpforms-246-field_0-container\" class=\"wpforms-field wpforms-field-name\" data-field-id=\"0\"><label class=\"wpforms-field-label\">Pr\u00e9nom \/ Nom <span class=\"wpforms-required-label\">*<\/span><\/label><div class=\"wpforms-field-row wpforms-field-large\"><div class=\"wpforms-field-row-block wpforms-first wpforms-one-half\"><input type=\"text\" id=\"wpforms-246-field_0\" class=\"wpforms-field-name-first wpforms-field-required\" name=\"wpforms[fields][0][first]\" required><label for=\"wpforms-246-field_0\" class=\"wpforms-field-sublabel after\">Pr\u00e9nom<\/label><\/div><div class=\"wpforms-field-row-block wpforms-one-half\"><input type=\"text\" id=\"wpforms-246-field_0-last\" class=\"wpforms-field-name-last wpforms-field-required\" name=\"wpforms[fields][0][last]\" required><label for=\"wpforms-246-field_0-last\" class=\"wpforms-field-sublabel after\">Nom<\/label><\/div><\/div><\/div><div id=\"wpforms-246-field_1-container\" class=\"wpforms-field wpforms-field-email\" data-field-id=\"1\"><label class=\"wpforms-field-label\" for=\"wpforms-246-field_1\">Email <span class=\"wpforms-required-label\">*<\/span><\/label><input type=\"email\" id=\"wpforms-246-field_1\" class=\"wpforms-field-large wpforms-field-required\" name=\"wpforms[fields][1]\" spellcheck=\"false\" required><\/div><div id=\"wpforms-246-field_2-container\" class=\"wpforms-field wpforms-field-textarea\" data-field-id=\"2\"><label class=\"wpforms-field-label\" for=\"wpforms-246-field_2\">Votre Message <span class=\"wpforms-required-label\">*<\/span><\/label><textarea id=\"wpforms-246-field_2\" class=\"wpforms-field-large wpforms-field-required\" name=\"wpforms[fields][2]\" required><\/textarea><\/div><\/div><!-- .wpforms-field-container --><div class=\"wpforms-field wpforms-field-hp\"><label for=\"wpforms-246-field-hp\" class=\"wpforms-field-label\">Message<\/label><input type=\"text\" name=\"wpforms[hp]\" id=\"wpforms-246-field-hp\" class=\"wpforms-field-medium\"><\/div><div class=\"wpforms-submit-container\" ><input type=\"hidden\" name=\"wpforms[id]\" value=\"246\"><input type=\"hidden\" name=\"page_title\" value=\"\"><input type=\"hidden\" name=\"page_url\" value=\"https:\/\/latitmousse.fr\/index.php?rest_route=\/wp\/v2\/pages\/21\"><input type=\"hidden\" name=\"url_referer\" value=\"\"><button type=\"submit\" name=\"wpforms[submit]\" id=\"wpforms-submit-246\" class=\"wpforms-submit button color1\" data-alt-text=\"Sending...\" data-submit-text=\"Envoyer\" aria-live=\"assertive\" value=\"wpforms-submit\">Envoyer<\/button><\/div><\/form><\/div>  <!-- .wpforms-container --><\/div><\/div><\/div><\/div><\/div><\/div><div id=\"about-1\" class=\"about-9 content-section content-section-spacing\" style=\"background-color: #f5fafd;\" data-label=\"About\" data-id=\"about--2\" data-export-id=\"about-9\" data-category=\"about\"><div class=\"\"><div class=\"row middle-sm text-center\"><div class=\"col-sm-5 space-bottom-xs content-column content-right-sm\" data-type=\"column\"><p class=\"\">Site r\u00e9alis\u00e9 en gr\u00e2ce \u00e0 l\u2019aide de la r\u00e9gion Auvergne-Rh\u00f4ne-Alpes<\/p><\/div><div class=\"col-sm-7 flexbox flexbox middle-xs center-xs space-bottom-xs\"><div class=\"overlay-box flexbox middle-xs center-xs overlay-holder \"><div class=\"overlay-box-offset shadow-medium bg-color2 offset-background\">\u00a0<\/div><p><img decoding=\"async\" class=\"flexbox shadow-large img1\" title=\"cropped-7_285_LOGO_REGION_RVB-BLEU-GRIS.png\" src=\"https:\/\/latitmousse.fr\/wp-content\/uploads\/2020\/11\/cropped-7_285_LOGO_REGION_RVB-BLEU-GRIS.png\" alt=\"\" data-size=\"600x400\" \/><\/p><\/div><\/div><\/div><\/div><\/div>\t\t\t\t\t\t\t\t<\/div>\n\t\t\t\t<\/div>\n\t\t\t\t\t<\/div>\n\t\t<\/div>\n\t\t\t\t\t<\/div>\n\t\t<\/section>\n\t\t\t\t<\/div>\n\t\t","protected":false},"excerpt":{"rendered":"","protected":false},"author":1,"featured_media":0,"parent":0,"menu_order":0,"comment_status":"closed","ping_status":"closed","template":"","meta":{"footnotes":""},"class_list":["post-21","page","type-page","status-publish","hentry"],"_links":{"self":[{"href":"https:\/\/latitmousse.fr\/index.php?rest_route=\/wp\/v2\/pages\/21"}],"collection":[{"href":"https:\/\/latitmousse.fr\/index.php?rest_route=\/wp\/v2\/pages"}],"about":[{"href":"https:\/\/latitmousse.fr\/index.php?rest_route=\/wp\/v2\/types\/page"}],"author":[{"embeddable":true,"href":"https:\/\/latitmousse.fr\/index.php?rest_route=\/wp\/v2\/users\/1"}],"replies":[{"embeddable":true,"href":"https:\/\/latitmousse.fr\/index.php?rest_route=%2Fwp%2Fv2%2Fcomments&post=21"}],"version-history":[{"count":26,"href":"https:\/\/latitmousse.fr\/index.php?rest_route=\/wp\/v2\/pages\/21\/revisions"}],"predecessor-version":[{"id":763,"href":"https:\/\/latitmousse.fr\/index.php?rest_route=\/wp\/v2\/pages\/21\/revisions\/763"}],"wp:attachment":[{"href":"https:\/\/latitmousse.fr\/index.php?rest_route=%2Fwp%2Fv2%2Fmedia&parent=21"}],"curies":[{"name":"wp","href":"https:\/\/api.w.org\/{rel}","templated":true}]}}